{"id":477,"date":"2022-11-28T14:46:59","date_gmt":"2022-11-28T14:46:59","guid":{"rendered":"https:\/\/sklep.selllift.com\/?post_type=product&#038;p=477"},"modified":"2022-11-28T14:47:00","modified_gmt":"2022-11-28T14:47:00","slug":"preparat-wielofunkcyjny-multi-40","status":"publish","type":"product","link":"https:\/\/sklep.selllift.com\/index.php\/product\/preparat-wielofunkcyjny-multi-40\/","title":{"rendered":"PREPARAT WIELOFUNKCYJNY MULTI 40+"},"content":{"rendered":"<p>Multi 40+ to preparat wielofunkcyjny. Smaruje czy\u015bci i zabezpiecza nawet trudno dost\u0119pne miejsca przed wilgoci\u0105, sol\u0105 i innymi czynnikami powoduj\u0105cymi korozj\u0119. U\u0142atwia funkcjonowanie zawias\u00f3w, zasuw, prowadnic i innych mechanicznych element\u00f3w metalowych. Luzuje zardzewia\u0142e po\u0142\u0105czenia, \u015bruby, nakr\u0119tki itp. tworz\u0105c przy tym warstw\u0119 ochronn\u0105. Produkt mo\u017ce by\u0107 u\u017cywany do luzowania, likwidacji przebi\u0107 i pisk\u00f3w, ochrony przed korozj\u0105, smarowania i czyszczenia element\u00f3w oraz urz\u0105dze\u0144 takich jak: \u015bruby, zawiasy, narz\u0119dzia, \u015bwiece zap\u0142onowe, maszyny do szycia, zamki, bro\u0144, \u0142a\u0144cuchy, zaciski oraz wiele innych. Produkt znajduje uniwersalne zastosowanie we wszystkich ga\u0142\u0119ziach przemys\u0142u. \u015arodek umo\u017cliwia prac\u0119 w temperaturze od -35\u00b0C do +180 \u00b0C.<\/p>\n","protected":false},"excerpt":{"rendered":"<p><img loading=\"lazy\" decoding=\"async\" class=\"alignnone size-full wp-image-465\" src=\"https:\/\/sklep.selllift.com\/wp-content\/uploads\/2022\/11\/zegarek.png\" alt=\"\" width=\"37\" height=\"35\" \/>Kup do godz.\u00a0<strong>14:00<\/strong>, a otrzymasz w kolejnym dniu roboczym.<\/p>\n<div class=\"product_info_grid\">\n<div><img loading=\"lazy\" decoding=\"async\" class=\"alignnone size-full wp-image-466\" src=\"https:\/\/sklep.selllift.com\/wp-content\/uploads\/2022\/11\/doradca.png\" alt=\"\" width=\"44\" height=\"44\" \/>Fachowe doradztwo w doborze produkt\u00f3w.<\/div>\n<\/div>\n","protected":false},"featured_media":478,"comment_status":"open","ping_status":"closed","template":"","meta":[],"product_brand":[],"product_cat":[109],"product_tag":[],"class_list":{"0":"post-477","1":"product","2":"type-product","3":"status-publish","4":"has-post-thumbnail","6":"product_cat-materialy-eksploatacyjne","8":"first","9":"instock","10":"taxable","11":"shipping-taxable","12":"purchasable","13":"product-type-simple"},"jetpack-related-posts":[],"jetpack_sharing_enabled":true,"_links":{"self":[{"href":"https:\/\/sklep.selllift.com\/index.php\/wp-json\/wp\/v2\/product\/477","targetHints":{"allow":["GET"]}}],"collection":[{"href":"https:\/\/sklep.selllift.com\/index.php\/wp-json\/wp\/v2\/product"}],"about":[{"href":"https:\/\/sklep.selllift.com\/index.php\/wp-json\/wp\/v2\/types\/product"}],"replies":[{"embeddable":true,"href":"https:\/\/sklep.selllift.com\/index.php\/wp-json\/wp\/v2\/comments?post=477"}],"wp:featuredmedia":[{"embeddable":true,"href":"https:\/\/sklep.selllift.com\/index.php\/wp-json\/wp\/v2\/media\/478"}],"wp:attachment":[{"href":"https:\/\/sklep.selllift.com\/index.php\/wp-json\/wp\/v2\/media?parent=477"}],"wp:term":[{"taxonomy":"product_brand","embeddable":true,"href":"https:\/\/sklep.selllift.com\/index.php\/wp-json\/wp\/v2\/product_brand?post=477"},{"taxonomy":"product_cat","embeddable":true,"href":"https:\/\/sklep.selllift.com\/index.php\/wp-json\/wp\/v2\/product_cat?post=477"},{"taxonomy":"product_tag","embeddable":true,"href":"https:\/\/sklep.selllift.com\/index.php\/wp-json\/wp\/v2\/product_tag?post=477"}],"curies":[{"name":"wp","href":"https:\/\/api.w.org\/{rel}","templated":true}]}}