{"id":471,"date":"2022-11-28T14:40:15","date_gmt":"2022-11-28T14:40:15","guid":{"rendered":"https:\/\/sklep.selllift.com\/?post_type=product&#038;p=471"},"modified":"2022-11-28T14:40:15","modified_gmt":"2022-11-28T14:40:15","slug":"smar-do-lin-i-lancuchow-cr-200","status":"publish","type":"product","link":"https:\/\/sklep.selllift.com\/index.php\/product\/smar-do-lin-i-lancuchow-cr-200\/","title":{"rendered":"SMAR DO LIN I \u0141A\u0143CUCH\u00d3W CR 200"},"content":{"rendered":"<p>CR-200 smar do lin i \u0142a\u0144cuch\u00f3w to\u00a0<strong>wysoko adhezyjny<\/strong>\u00a0smar zapewniaj\u0105cy efektywne i d\u0142ugotrwa\u0142e\u00a0<strong>smarowanie oraz konserwacj\u0119<\/strong>. Dzi\u0119ki\u00a0<strong>w\u0142a\u015bciwo\u015bci\u0105 penetruj\u0105cym<\/strong>\u00a0smar wnika w najtrudniej dost\u0119pne miejsca i po odparowaniu rozpuszczalnik\u00f3w d\u0142ugotrwale \u0142\u0105czy si\u0119 z powierzchni\u0105 tworz\u0105c cienki film odporny na zu\u017cycie, utlenianie, korozj\u0119, dzia\u0142anie s\u0142onej wody, czy promieni s\u0142onecznych. Film smaruj\u0105cy jest odporny na wysokie ci\u015bnienia, a w niskich temperaturach zachowuje swoj\u0105 spr\u0119\u017cysto\u015b\u0107 i nie kruszeje. Smar CR 200 znajduje swoje zastosowanie przy smarowaniu oraz konserwacji lin metalowych, wci\u0105garek, wind, przeno\u015bnik\u00f3w, wyci\u0105g\u00f3w, lin do podnoszenia ci\u0119\u017car\u00f3w, wszelkiego rodzaju \u0142a\u0144cuch\u00f3w transportowych lub nap\u0119dowych, elementach przeniesienia nap\u0119d\u00f3w, przy smarowaniu \u0142a\u0144cuch\u00f3w w\u00f3zk\u00f3w wid\u0142owych. Preparat nie zawiera silikonu oraz zwi\u0105zk\u00f3w AOX, nie zawiera smar\u00f3w sta\u0142ych. Smar Cr 200 znajduje zastosowanie w przemy\u015ble hutniczym, chemicznym, drzewnym, wydobywczym, w warsztatach samochodowych, serwisach w\u00f3zk\u00f3w wid\u0142owych.<br \/>\nProdukt umo\u017cliwia\u00a0<strong>smarowanie po\u0142\u0105cze\u0144<\/strong>\u00a0w zakresie temperatur od\u00a0<strong>-30 \u00b0C do 200 \u00b0C.<\/strong><\/p>\n","protected":false},"excerpt":{"rendered":"<p><img loading=\"lazy\" decoding=\"async\" class=\"alignnone size-full wp-image-465\" src=\"https:\/\/sklep.selllift.com\/wp-content\/uploads\/2022\/11\/zegarek.png\" alt=\"\" width=\"37\" height=\"35\" \/>Kup do godz.\u00a0<strong>14:00<\/strong>, a otrzymasz w kolejnym dniu roboczym.<\/p>\n<div class=\"product_info_grid\">\n<div><img loading=\"lazy\" decoding=\"async\" class=\"alignnone size-full wp-image-466\" src=\"https:\/\/sklep.selllift.com\/wp-content\/uploads\/2022\/11\/doradca.png\" alt=\"\" width=\"44\" height=\"44\" \/>Fachowe doradztwo w doborze produkt\u00f3w.<\/div>\n<\/div>\n","protected":false},"featured_media":472,"comment_status":"open","ping_status":"closed","template":"","meta":[],"product_brand":[],"product_cat":[109],"product_tag":[],"class_list":{"0":"post-471","1":"product","2":"type-product","3":"status-publish","4":"has-post-thumbnail","6":"product_cat-materialy-eksploatacyjne","8":"first","9":"instock","10":"taxable","11":"shipping-taxable","12":"purchasable","13":"product-type-simple"},"jetpack-related-posts":[],"jetpack_sharing_enabled":true,"_links":{"self":[{"href":"https:\/\/sklep.selllift.com\/index.php\/wp-json\/wp\/v2\/product\/471","targetHints":{"allow":["GET"]}}],"collection":[{"href":"https:\/\/sklep.selllift.com\/index.php\/wp-json\/wp\/v2\/product"}],"about":[{"href":"https:\/\/sklep.selllift.com\/index.php\/wp-json\/wp\/v2\/types\/product"}],"replies":[{"embeddable":true,"href":"https:\/\/sklep.selllift.com\/index.php\/wp-json\/wp\/v2\/comments?post=471"}],"wp:featuredmedia":[{"embeddable":true,"href":"https:\/\/sklep.selllift.com\/index.php\/wp-json\/wp\/v2\/media\/472"}],"wp:attachment":[{"href":"https:\/\/sklep.selllift.com\/index.php\/wp-json\/wp\/v2\/media?parent=471"}],"wp:term":[{"taxonomy":"product_brand","embeddable":true,"href":"https:\/\/sklep.selllift.com\/index.php\/wp-json\/wp\/v2\/product_brand?post=471"},{"taxonomy":"product_cat","embeddable":true,"href":"https:\/\/sklep.selllift.com\/index.php\/wp-json\/wp\/v2\/product_cat?post=471"},{"taxonomy":"product_tag","embeddable":true,"href":"https:\/\/sklep.selllift.com\/index.php\/wp-json\/wp\/v2\/product_tag?post=471"}],"curies":[{"name":"wp","href":"https:\/\/api.w.org\/{rel}","templated":true}]}}